{"id":198,"date":"2020-10-15T13:36:01","date_gmt":"2020-10-15T11:36:01","guid":{"rendered":"https:\/\/vinovysokepole.sk?page_id=198"},"modified":"2025-02-06T12:05:34","modified_gmt":"2025-02-06T11:05:34","slug":"cookies","status":"publish","type":"page","link":"https:\/\/vinovysokepole.sk\/?page_id=198","title":{"rendered":"Cookies"},"content":{"rendered":"<p>[et_pb_section fb_built=&#8220;1&#8243; admin_label=&#8220;section&#8220; _builder_version=&#8220;4.16&#8243; global_colors_info=&#8220;{}&#8220;][et_pb_row admin_label=&#8220;row&#8220; _builder_version=&#8220;4.16&#8243; background_size=&#8220;initial&#8220; background_position=&#8220;top_left&#8220; background_repeat=&#8220;repeat&#8220; global_colors_info=&#8220;{}&#8220;][et_pb_column type=&#8220;4_4&#8243; _builder_version=&#8220;4.16&#8243; custom_padding=&#8220;|||&#8220; global_colors_info=&#8220;{}&#8220; custom_padding__hover=&#8220;|||&#8220;][et_pb_text admin_label=&#8220;Text&#8220; _builder_version=&#8220;4.16&#8243; background_size=&#8220;initial&#8220; background_position=&#8220;top_left&#8220; background_repeat=&#8220;repeat&#8220; global_colors_info=&#8220;{}&#8220;]<\/p>\n<h3 style=\"text-align: justify;\">Z\u00c1SADY POU\u017d\u00cdVANIA S\u00daBOROV COOKIES<\/h3>\n<p style=\"text-align: justify;\">V s\u00falade so smernicou \u010d.&nbsp;2002\/58 t\u00fdkaj\u00faca sa spracov\u00e1vania osobn\u00fdch \u00fadajov a&nbsp;ochrany s\u00fakromia v&nbsp;sektore elektronick\u00fdch komunik\u00e1ci\u00ed a&nbsp;s&nbsp;\u00a7 55 ods. 5 z\u00e1kona NRSR \u010d.&nbsp;351\/2011 Z. z. o&nbsp;elektronick\u00fdch komunik\u00e1ci\u00e1ch v&nbsp;znen\u00ed neskor\u0161\u00edch predpisov si V\u00e1s dovo\u013eujeme informova\u0165 o&nbsp;pou\u017e\u00edvan\u00ed cookies a&nbsp;upriami\u0165 Va\u0161u pozornos\u0165 na mo\u017enos\u0165 zmeny nastavenia svojho internetov\u00e9ho prehliada\u010da pre pr\u00edpad, \u017ee v\u00e1m aktu\u00e1lne nastavenie vyu\u017e\u00edvania cookies nevyhovuje.<\/p>\n<h4 style=\"text-align: justify;\">\u010cO S\u00da COOKIES?<\/h4>\n<p style=\"text-align: justify;\">S\u00fabory cookies s\u00fa mal\u00e9 textov\u00e9 s\u00fabory, ktor\u00e9 m\u00f4\u017eu by\u0165 do internetov\u00e9ho prehliada\u010da odosielan\u00e9 pri n\u00e1v\u0161teve webov\u00fdch str\u00e1nok a&nbsp;ukladan\u00e9 do V\u00e1\u0161ho zariadenia (po\u010d\u00edta\u010da alebo do in\u00e9ho zariadenia s&nbsp;pr\u00edstupom na internet, ako napr. smartphone alebo tablet). Inak treba za s\u00fabory cookies taktie\u017e pova\u017eova\u0165 informatick\u00e9 d\u00e1ta, konkr\u00e9tne textov\u00e9 s\u00fabory, uchov\u00e1van\u00e9 v&nbsp;zariadeniach koncov\u00fdch pou\u017e\u00edvate\u013eov, ur\u010den\u00e9 na pou\u017e\u00edvanie internetov\u00fdch str\u00e1nok.<\/p>\n<p style=\"text-align: justify;\">S\u00fabory cookies sa ukladaj\u00fa do prie\u010dinka pre s\u00fabory v\u00e1\u0161ho internetov\u00e9ho prehliada\u010da. Cookies obvykle obsahuj\u00fa n\u00e1zov webovej str\u00e1nky &#8211; dom\u00e9ny, z&nbsp;ktorej poch\u00e1dzaj\u00fa a&nbsp;d\u00e1tum svojho vzniku, dobu uchov\u00e1vania na zariaden\u00ed a&nbsp;uchov\u00e1van\u00fa hodnotu. Pri \u010fal\u0161ej n\u00e1v\u0161teve str\u00e1nky webov\u00fd prehliada\u010d znovu na\u010d\u00edta s\u00fabory cookies a&nbsp;tieto inform\u00e1cie odo\u0161le sp\u00e4\u0165 webovej str\u00e1nke, ktor\u00e1 p\u00f4vodne cookies vytvorila. Nami pou\u017e\u00edvan\u00e9 s\u00fabory cookies, s\u00fa pre zariadenie pou\u017e\u00edvate\u013ea bezpe\u010dn\u00e9, nepo\u0161kodzuj\u00fa ho.<\/p>\n<p style=\"text-align: justify;\"><strong><br \/>Na na\u0161ich webov\u00fdch str\u00e1nkach pou\u017e\u00edvame nieko\u013eko typov cookies:<\/strong><\/p>\n<h4 style=\"text-align: justify;\">Z\u00c1KLADN\u00c9 S\u00daBORY COOKIES<\/h4>\n<p style=\"text-align: justify;\">Tieto s\u00fabory cookie tvoria z\u00e1klad pre prev\u00e1dzku na\u0161ich webov\u00fdch str\u00e1nok a&nbsp;umo\u017e\u0148uj\u00fa pou\u017e\u00edvanie z\u00e1kladn\u00fdch funkci\u00ed, ak\u00fdmi s\u00fa napr\u00edklad zabezpe\u010den\u00e9 oblasti webu alebo online platby. Z\u00e1kladn\u00fdmi cookies s\u00fa napr. zapam\u00e4tanie prihl\u00e1senia, umo\u017enenie pr\u00edstupu k&nbsp;zabezpe\u010den\u00fdm oblastiam webu bez nutnosti op\u00e4tovn\u00e9ho prihl\u00e1senia, predvyplnenie formul\u00e1rov a&nbsp;pod. Bez t\u00fdchto cookies nem\u00f4\u017eeme poskytova\u0165 slu\u017eby, ktor\u00e9 tvoria z\u00e1klad na\u0161ich str\u00e1nok. Pokia\u013e tieto cookies zak\u00e1\u017eete, nebudeme m\u00f4c\u0165 zaru\u010di\u0165 bezchybn\u00fd chod str\u00e1nok.<\/p>\n<h4 style=\"text-align: justify;\">PREV\u00c1DZKOV\u00c9 S\u00daBORY COOKIES<\/h4>\n<p style=\"text-align: justify;\">Pomocou prev\u00e1dzkov\u00fdch cookies zhroma\u017e\u010fujeme \u0161tatistick\u00e9 inform\u00e1cie o&nbsp;tom, ako pou\u017e\u00edvate na\u0161e webov\u00e9 str\u00e1nky. Tieto technick\u00e9 inform\u00e1cie n\u00e1m napr. povedia, na ktor\u00e9 \u010dasti webovej str\u00e1nky ste klikli, ktor\u00fa str\u00e1nku ste nav\u0161t\u00edvili naposledy a&nbsp;pod. Tieto cookies n\u00e1m sl\u00fa\u017eia na anal\u00fdzu a&nbsp;vylep\u0161ovanie na\u0161ich webov\u00fdch str\u00e1nok z&nbsp;h\u013eadiska obsahu, v\u00fdkonu a&nbsp;dizajnu.<\/p>\n<h4 style=\"text-align: justify;\">S\u00daBORY COOKIES TRET\u00cdCH STR\u00c1N<\/h4>\n<p style=\"text-align: justify;\">Na str\u00e1nkach s\u00fa prepojenia a&nbsp;integrovan\u00fd obsah z&nbsp;in\u00fdch webov\u00fdch str\u00e1nok. Preto m\u00f4\u017eu by\u0165 po\u010das pou\u017e\u00edvania na\u0161ich webov\u00fdch str\u00e1nok vytvoren\u00e9 s\u00fabory cookies, ktor\u00e9 nepodliehaj\u00fa na\u0161ej kontrole. Ide napr\u00edklad o&nbsp;pr\u00edpad, ak prezeran\u00e1 webov\u00e1 str\u00e1nka pou\u017e\u00edva n\u00e1stroj na anal\u00fdzu alebo marketingov\u00fa automatiz\u00e1ciu od tretej strany (napr\u00edklad n\u00e1stroje spolo\u010dnost\u00ed Google) alebo zobrazuje obsah webov\u00fdch str\u00e1nok tretej strany, napr. YouTube alebo Facebook. To m\u00e1 za n\u00e1sledok prijatie s\u00faborov cookie od t\u00fdchto slu\u017eieb tret\u00edch str\u00e1n.&nbsp;Tento web&nbsp;nem\u00f4\u017ee ma\u0165 kontrolu nad ukladan\u00edm ani pr\u00edstup k&nbsp;t\u00fdmto s\u00faborom cookie. Ak chcete vedie\u0165, ako tieto tretie strany pou\u017e\u00edvaj\u00fa s\u00fabory cookie, pre\u010d\u00edtajte s\u00fa z\u00e1sady ochrany s\u00fakromia a&nbsp;z\u00e1sady pou\u017e\u00edvania s\u00faborov cookie t\u00fdchto slu\u017eieb.<\/p>\n<h4 style=\"text-align: justify;\">RELA\u010cN\u00c9 (SESSION) COOKIES<\/h4>\n<p style=\"text-align: justify;\">S\u00fa uchov\u00e1vane v&nbsp;zariadeniach pou\u017e\u00edvate\u013ea do chv\u00edle ukon\u010denia rel\u00e1cie prehliada\u010da. Inform\u00e1cie, ktor\u00e9 s\u00fa v&nbsp;nich zap\u00edsan\u00e9, sa vyma\u017e\u00fa z&nbsp;pam\u00e4te zariadenia vo chv\u00edli ukon\u010denia rel\u00e1cie.<\/p>\n<h4 style=\"text-align: justify;\">TRVAL\u00c9 COOKIES<\/h4>\n<p style=\"text-align: justify;\">S\u00fa uchov\u00e1van\u00e9 na zariaden\u00ed pou\u017e\u00edvate\u013ea, a\u017e k\u00fdm sa nevyma\u017e\u00fa. Ukon\u010denie rel\u00e1cie nesp\u00f4sobuje ich odstr\u00e1nenie.<\/p>\n<h4 style=\"text-align: justify;\">\u00da\u010cEL \u2013 PRE\u010cO POU\u017d\u00cdVAME COOKIES?<\/h4>\n<p style=\"text-align: justify;\">Cookies pou\u017e\u00edvame s&nbsp;cie\u013eom optim\u00e1lne vytv\u00e1ra\u0165 a&nbsp;neust\u00e1le skvalit\u0148ova\u0165 na\u0161e slu\u017eby, prisp\u00f4sobi\u0165 ich va\u0161im z\u00e1ujmom a&nbsp;potreb\u00e1m a&nbsp;zlep\u0161ova\u0165 ich \u0161trukt\u00faru a&nbsp;obsah.&nbsp;Tento web&nbsp;nepou\u017e\u00edva \u00fadaje z\u00edskan\u00e9 pou\u017e\u00edvan\u00edm cookies na kontaktovanie prostredn\u00edctvom po\u0161ty, elektronickej po\u0161ty alebo telef\u00f3nu.<\/p>\n<h4 style=\"text-align: justify;\">Z\u00c1KLADN\u00c9 S\u00daBORY COOKIES:<\/h4>\n<ul>\n<li style=\"list-style-type: none;\">\n<ul style=\"text-align: justify;\">\n<li>Autentifik\u00e1cia a&nbsp;udr\u017eiavanie rel\u00e1cie pou\u017e\u00edvate\u013ea internetovej lokality<\/li>\n<li>Spr\u00e1vna konfigur\u00e1cia vybran\u00fdch funkci\u00ed internetovej lokality<\/li>\n<li>Optimaliz\u00e1cia a&nbsp;zlep\u0161enie efektivity poskytovan\u00fdch slu\u017eieb<\/li>\n<li>Zvy\u0161ovanie spo\u013eahlivosti internetovej lokality<\/li>\n<li>Zaistenie bezpe\u010dnosti internetovej lokality<\/li>\n<\/ul>\n<\/li>\n<\/ul>\n<h4 style=\"text-align: justify;\">PREV\u00c1DZKOV\u00c9 S\u00daBORY COOKIES:<\/h4>\n<p style=\"text-align: justify;\">Zbieranie v\u0161eobecn\u00fdch a&nbsp;anonymn\u00fdch \u0161tatistick\u00fdch \u00fadajov prostredn\u00edctvom analytick\u00fdch n\u00e1strojov (Google Analytics, spolo\u010dnos\u0165ou Google LLC so s\u00eddlom 1600 Amphitheatre Parkway, Mountain View, CA 94043, Spojen\u00e9 \u0161t\u00e1ty americk\u00e9a Facebook Pixel, spolo\u010dnos\u0165ou Facebook Ireland Ltd., so s\u00eddlom 4 Grand Canal Square, Grand Canal Harbour, Dublin 2 \u00cdrsko)<\/p>\n<h4 style=\"text-align: justify;\">AKO M\u00d4\u017dETE NASTAVENIA COOKIES ZMENI\u0164?<\/h4>\n<p style=\"text-align: justify;\">V\u00e4\u010d\u0161ina internetov\u00fdch prehliada\u010dov je p\u00f4vodne nastaven\u00e1 na automatick\u00e9 akceptovanie cookies. Toto nastavenie m\u00f4\u017eete zmeni\u0165 zablokovan\u00edm cookies alebo ich odmietnut\u00edm po&nbsp;upozornen\u00ed v&nbsp;pr\u00edpade, \u017ee sa maj\u00fa cookies posla\u0165 do v\u00e1\u0161ho zariadenia. In\u0161trukcie na zmenu cookies n\u00e1jdete vo vo\u013ebe \u201e pomoc\u201c ka\u017ed\u00e9ho prehliada\u010da. Ak pou\u017e\u00edvate rozli\u010dn\u00e9 zariadenia na pr\u00edstup k&nbsp;str\u00e1nkam (napr. po\u010d\u00edta\u010d, smartphone, tablet), odpor\u00fa\u010dame ka\u017ed\u00fd prehliada\u010d na ka\u017edom zariaden\u00ed prisp\u00f4sobi\u0165 Va\u0161im preferenci\u00e1m cookies.<\/p>\n<h4 style=\"text-align: justify;\">PRE\u010cO SI PONECHA\u0164 NASTAVENIE COOKIES?<\/h4>\n<p style=\"text-align: justify;\">Pou\u017e\u00edvanie cookies a&nbsp;ich povolenie vo webovom prehliada\u010di je na va\u0161om rozhodnut\u00ed. V&nbsp;pr\u00edpade zmeny ich nastavenia v\u0161ak m\u00f4\u017eu ma\u0165 niektor\u00e9 webov\u00e9 str\u00e1nky obmedzen\u00fa funk\u010dnos\u0165 a&nbsp;zn\u00ed\u017een\u00fd u\u017e\u00edvate\u013esk\u00fd komfort.<\/p>\n<\/p>\n<p>[\/et_pb_text][\/et_pb_column][\/et_pb_row][\/et_pb_section]<\/p>\n","protected":false},"excerpt":{"rendered":"<p>Z\u00c1SADY POU\u017d\u00cdVANIA S\u00daBOROV COOKIES V&nbsp;s\u00falade so smernicou \u010d.&nbsp;2002\/58 t\u00fdkaj\u00faca sa spracov\u00e1vania osobn\u00fdch \u00fadajov a&nbsp;ochrany s\u00fakromia v&nbsp;sektore elektronick\u00fdch komunik\u00e1ci\u00ed a&nbsp;s&nbsp;\u00a7 55 ods. 5 z\u00e1kona NRSR \u010d.&nbsp;351\/2011 Z. z. o&nbsp;elektronick\u00fdch komunik\u00e1ci\u00e1ch v&nbsp;znen\u00ed neskor\u0161\u00edch predpisov si V\u00e1s dovo\u013eujeme informova\u0165 o&nbsp;pou\u017e\u00edvan\u00ed cookies a&nbsp;upriami\u0165 Va\u0161u pozornos\u0165 na mo\u017enos\u0165 zmeny [&hellip;]<\/p>\n","protected":false},"author":1,"featured_media":0,"parent":0,"menu_order":0,"comment_status":"closed","ping_status":"closed","template":"","meta":{"_et_pb_use_builder":"on","_et_pb_old_content":"<h3 style=\"text-align: justify;\">Z\u00c1SADY POU\u017d\u00cdVANIA S\u00daBOROV COOKIES<\/h3>\n<p style=\"text-align: justify;\">V s\u00falade so smernicou \u010d. 2002\/58 t\u00fdkaj\u00faca sa spracov\u00e1vania osobn\u00fdch \u00fadajov a ochrany s\u00fakromia v sektore elektronick\u00fdch komunik\u00e1ci\u00ed a s \u00a7 55 ods. 5 z\u00e1kona NRSR \u010d. 351\/2011 Z. z. o elektronick\u00fdch komunik\u00e1ci\u00e1ch v znen\u00ed neskor\u0161\u00edch predpisov si V\u00e1s dovo\u013eujeme informova\u0165 o pou\u017e\u00edvan\u00ed cookies a upriami\u0165 Va\u0161u pozornos\u0165 na mo\u017enos\u0165 zmeny nastavenia svojho internetov\u00e9ho prehliada\u010da pre pr\u00edpad, \u017ee v\u00e1m aktu\u00e1lne nastavenie vyu\u017e\u00edvania cookies nevyhovuje.<\/p>\n<h4 style=\"text-align: justify;\">\u010cO S\u00da COOKIES?<\/h4>\n<p style=\"text-align: justify;\">S\u00fabory cookies s\u00fa mal\u00e9 textov\u00e9 s\u00fabory, ktor\u00e9 m\u00f4\u017eu by\u0165 do internetov\u00e9ho prehliada\u010da odosielan\u00e9 pri n\u00e1v\u0161teve webov\u00fdch str\u00e1nok a ukladan\u00e9 do V\u00e1\u0161ho zariadenia (po\u010d\u00edta\u010da alebo do in\u00e9ho zariadenia s pr\u00edstupom na internet, ako napr. smartphone alebo tablet). Inak treba za s\u00fabory cookies taktie\u017e pova\u017eova\u0165 informatick\u00e9 d\u00e1ta, konkr\u00e9tne textov\u00e9 s\u00fabory, uchov\u00e1van\u00e9 v zariadeniach koncov\u00fdch pou\u017e\u00edvate\u013eov, ur\u010den\u00e9 na pou\u017e\u00edvanie internetov\u00fdch str\u00e1nok.<\/p>\n<p style=\"text-align: justify;\">S\u00fabory cookies sa ukladaj\u00fa do prie\u010dinka pre s\u00fabory v\u00e1\u0161ho internetov\u00e9ho prehliada\u010da. Cookies obvykle obsahuj\u00fa n\u00e1zov webovej str\u00e1nky - dom\u00e9ny, z ktorej poch\u00e1dzaj\u00fa a d\u00e1tum svojho vzniku, dobu uchov\u00e1vania na zariaden\u00ed a uchov\u00e1van\u00fa hodnotu. Pri \u010fal\u0161ej n\u00e1v\u0161teve str\u00e1nky webov\u00fd prehliada\u010d znovu na\u010d\u00edta s\u00fabory cookies a tieto inform\u00e1cie odo\u0161le sp\u00e4\u0165 webovej str\u00e1nke, ktor\u00e1 p\u00f4vodne cookies vytvorila. Nami pou\u017e\u00edvan\u00e9 s\u00fabory cookies, s\u00fa pre zariadenie pou\u017e\u00edvate\u013ea bezpe\u010dn\u00e9, nepo\u0161kodzuj\u00fa ho.<\/p>\n<p style=\"text-align: justify;\"><strong><br>Na na\u0161ich webov\u00fdch str\u00e1nkach pou\u017e\u00edvame nieko\u013eko typov cookies:<\/strong><\/p>\n<h4 style=\"text-align: justify;\">Z\u00c1KLADN\u00c9 S\u00daBORY COOKIES<\/h4>\n<p style=\"text-align: justify;\">Tieto s\u00fabory cookie tvoria z\u00e1klad pre prev\u00e1dzku na\u0161ich webov\u00fdch str\u00e1nok a umo\u017e\u0148uj\u00fa pou\u017e\u00edvanie z\u00e1kladn\u00fdch funkci\u00ed, ak\u00fdmi s\u00fa napr\u00edklad zabezpe\u010den\u00e9 oblasti webu alebo online platby. Z\u00e1kladn\u00fdmi cookies s\u00fa napr. zapam\u00e4tanie prihl\u00e1senia, umo\u017enenie pr\u00edstupu k zabezpe\u010den\u00fdm oblastiam webu bez nutnosti op\u00e4tovn\u00e9ho prihl\u00e1senia, predvyplnenie formul\u00e1rov a pod. Bez t\u00fdchto cookies nem\u00f4\u017eeme poskytova\u0165 slu\u017eby, ktor\u00e9 tvoria z\u00e1klad na\u0161ich str\u00e1nok. Pokia\u013e tieto cookies zak\u00e1\u017eete, nebudeme m\u00f4c\u0165 zaru\u010di\u0165 bezchybn\u00fd chod str\u00e1nok.<\/p>\n<h4 style=\"text-align: justify;\">PREV\u00c1DZKOV\u00c9 S\u00daBORY COOKIES<\/h4>\n<p style=\"text-align: justify;\">Pomocou prev\u00e1dzkov\u00fdch cookies zhroma\u017e\u010fujeme \u0161tatistick\u00e9 inform\u00e1cie o tom, ako pou\u017e\u00edvate na\u0161e webov\u00e9 str\u00e1nky. Tieto technick\u00e9 inform\u00e1cie n\u00e1m napr. povedia, na ktor\u00e9 \u010dasti webovej str\u00e1nky ste klikli, ktor\u00fa str\u00e1nku ste nav\u0161t\u00edvili naposledy a pod. Tieto cookies n\u00e1m sl\u00fa\u017eia na anal\u00fdzu a vylep\u0161ovanie na\u0161ich webov\u00fdch str\u00e1nok z h\u013eadiska obsahu, v\u00fdkonu a dizajnu.<\/p>\n<h4 style=\"text-align: justify;\">S\u00daBORY COOKIES TRET\u00cdCH STR\u00c1N<\/h4>\n<p style=\"text-align: justify;\">Na str\u00e1nkach s\u00fa prepojenia a integrovan\u00fd obsah z in\u00fdch webov\u00fdch str\u00e1nok. Preto m\u00f4\u017eu by\u0165 po\u010das pou\u017e\u00edvania na\u0161ich webov\u00fdch str\u00e1nok vytvoren\u00e9 s\u00fabory cookies, ktor\u00e9 nepodliehaj\u00fa na\u0161ej kontrole. Ide napr\u00edklad o pr\u00edpad, ak prezeran\u00e1 webov\u00e1 str\u00e1nka pou\u017e\u00edva n\u00e1stroj na anal\u00fdzu alebo marketingov\u00fa automatiz\u00e1ciu od tretej strany (napr\u00edklad n\u00e1stroje spolo\u010dnost\u00ed Google) alebo zobrazuje obsah webov\u00fdch str\u00e1nok tretej strany, napr. YouTube alebo Facebook. To m\u00e1 za n\u00e1sledok prijatie s\u00faborov cookie od t\u00fdchto slu\u017eieb tret\u00edch str\u00e1n.&nbsp;Tento web&nbsp;nem\u00f4\u017ee ma\u0165 kontrolu nad ukladan\u00edm ani pr\u00edstup k t\u00fdmto s\u00faborom cookie. Ak chcete vedie\u0165, ako tieto tretie strany pou\u017e\u00edvaj\u00fa s\u00fabory cookie, pre\u010d\u00edtajte s\u00fa z\u00e1sady ochrany s\u00fakromia a z\u00e1sady pou\u017e\u00edvania s\u00faborov cookie t\u00fdchto slu\u017eieb.<\/p>\n<h4 style=\"text-align: justify;\">RELA\u010cN\u00c9 (SESSION) COOKIES<\/h4>\n<p style=\"text-align: justify;\">S\u00fa uchov\u00e1vane v zariadeniach pou\u017e\u00edvate\u013ea do chv\u00edle ukon\u010denia rel\u00e1cie prehliada\u010da. Inform\u00e1cie, ktor\u00e9 s\u00fa v nich zap\u00edsan\u00e9, sa vyma\u017e\u00fa z pam\u00e4te zariadenia vo chv\u00edli ukon\u010denia rel\u00e1cie.<\/p>\n<h4 style=\"text-align: justify;\">TRVAL\u00c9 COOKIES<\/h4>\n<p style=\"text-align: justify;\">S\u00fa uchov\u00e1van\u00e9 na zariaden\u00ed pou\u017e\u00edvate\u013ea, a\u017e k\u00fdm sa nevyma\u017e\u00fa. Ukon\u010denie rel\u00e1cie nesp\u00f4sobuje ich odstr\u00e1nenie.<\/p>\n<h4 style=\"text-align: justify;\">\u00da\u010cEL \u2013 PRE\u010cO POU\u017d\u00cdVAME COOKIES?<\/h4>\n<p style=\"text-align: justify;\">Cookies pou\u017e\u00edvame s cie\u013eom optim\u00e1lne vytv\u00e1ra\u0165 a neust\u00e1le skvalit\u0148ova\u0165 na\u0161e slu\u017eby, prisp\u00f4sobi\u0165 ich va\u0161im z\u00e1ujmom a potreb\u00e1m a zlep\u0161ova\u0165 ich \u0161trukt\u00faru a obsah.&nbsp;Tento web&nbsp;nepou\u017e\u00edva \u00fadaje z\u00edskan\u00e9 pou\u017e\u00edvan\u00edm cookies na kontaktovanie prostredn\u00edctvom po\u0161ty, elektronickej po\u0161ty alebo telef\u00f3nu.<\/p>\n<h4 style=\"text-align: justify;\">Z\u00c1KLADN\u00c9 S\u00daBORY COOKIES:<\/h4>\n<ul>\n<li style=\"list-style-type: none;\">\n<ul style=\"text-align: justify;\">\n<li>Autentifik\u00e1cia a udr\u017eiavanie rel\u00e1cie pou\u017e\u00edvate\u013ea internetovej lokality<\/li>\n<li>Spr\u00e1vna konfigur\u00e1cia vybran\u00fdch funkci\u00ed internetovej lokality<\/li>\n<li>Optimaliz\u00e1cia a zlep\u0161enie efektivity poskytovan\u00fdch slu\u017eieb<\/li>\n<li>Zvy\u0161ovanie spo\u013eahlivosti internetovej lokality<\/li>\n<li>Zaistenie bezpe\u010dnosti internetovej lokality<\/li>\n<\/ul>\n<\/li>\n<\/ul>\n<h4 style=\"text-align: justify;\">PREV\u00c1DZKOV\u00c9 S\u00daBORY COOKIES:<\/h4>\n<p style=\"text-align: justify;\">Zbieranie v\u0161eobecn\u00fdch a anonymn\u00fdch \u0161tatistick\u00fdch \u00fadajov prostredn\u00edctvom analytick\u00fdch n\u00e1strojov (Google Analytics, spolo\u010dnos\u0165ou Google LLC so s\u00eddlom 1600 Amphitheatre Parkway, Mountain View, CA 94043, Spojen\u00e9 \u0161t\u00e1ty americk\u00e9a Facebook Pixel, spolo\u010dnos\u0165ou Facebook Ireland Ltd., so s\u00eddlom 4 Grand Canal Square, Grand Canal Harbour, Dublin 2 \u00cdrsko)<\/p>\n<h4 style=\"text-align: justify;\">AKO M\u00d4\u017dETE NASTAVENIA COOKIES ZMENI\u0164?<\/h4>\n<p style=\"text-align: justify;\">V\u00e4\u010d\u0161ina internetov\u00fdch prehliada\u010dov je p\u00f4vodne nastaven\u00e1 na automatick\u00e9 akceptovanie cookies. Toto nastavenie m\u00f4\u017eete zmeni\u0165 zablokovan\u00edm cookies alebo ich odmietnut\u00edm po upozornen\u00ed v pr\u00edpade, \u017ee sa maj\u00fa cookies posla\u0165 do v\u00e1\u0161ho zariadenia. In\u0161trukcie na zmenu cookies n\u00e1jdete vo vo\u013ebe \u201e pomoc\u201c ka\u017ed\u00e9ho prehliada\u010da. Ak pou\u017e\u00edvate rozli\u010dn\u00e9 zariadenia na pr\u00edstup k str\u00e1nkam (napr. po\u010d\u00edta\u010d, smartphone, tablet), odpor\u00fa\u010dame ka\u017ed\u00fd prehliada\u010d na ka\u017edom zariaden\u00ed prisp\u00f4sobi\u0165 Va\u0161im preferenci\u00e1m cookies.<\/p>\n<h4 style=\"text-align: justify;\">PRE\u010cO SI PONECHA\u0164 NASTAVENIE COOKIES?<\/h4>\n<p style=\"text-align: justify;\">Pou\u017e\u00edvanie cookies a ich povolenie vo webovom prehliada\u010di je na va\u0161om rozhodnut\u00ed. V pr\u00edpade zmeny ich nastavenia v\u0161ak m\u00f4\u017eu ma\u0165 niektor\u00e9 webov\u00e9 str\u00e1nky obmedzen\u00fa funk\u010dnos\u0165 a zn\u00ed\u017een\u00fd u\u017e\u00edvate\u013esk\u00fd komfort.<\/p>\n\n<!-- wp:paragraph -->\n<p><\/p>\n<!-- \/wp:paragraph -->","_et_gb_content_width":"1080","footnotes":""},"class_list":["post-198","page","type-page","status-publish","hentry"],"_links":{"self":[{"href":"https:\/\/vinovysokepole.sk\/index.php?rest_route=\/wp\/v2\/pages\/198","targetHints":{"allow":["GET"]}}],"collection":[{"href":"https:\/\/vinovysokepole.sk\/index.php?rest_route=\/wp\/v2\/pages"}],"about":[{"href":"https:\/\/vinovysokepole.sk\/index.php?rest_route=\/wp\/v2\/types\/page"}],"author":[{"embeddable":true,"href":"https:\/\/vinovysokepole.sk\/index.php?rest_route=\/wp\/v2\/users\/1"}],"replies":[{"embeddable":true,"href":"https:\/\/vinovysokepole.sk\/index.php?rest_route=%2Fwp%2Fv2%2Fcomments&post=198"}],"version-history":[{"count":3,"href":"https:\/\/vinovysokepole.sk\/index.php?rest_route=\/wp\/v2\/pages\/198\/revisions"}],"predecessor-version":[{"id":1176,"href":"https:\/\/vinovysokepole.sk\/index.php?rest_route=\/wp\/v2\/pages\/198\/revisions\/1176"}],"wp:attachment":[{"href":"https:\/\/vinovysokepole.sk\/index.php?rest_route=%2Fwp%2Fv2%2Fmedia&parent=198"}],"curies":[{"name":"wp","href":"https:\/\/api.w.org\/{rel}","templated":true}]}}