{"id":122,"date":"2020-10-13T18:37:44","date_gmt":"2020-10-13T16:37:44","guid":{"rendered":"https:\/\/vinovysokepole.sk?post_type=product&#038;p=122"},"modified":"2026-04-21T22:38:03","modified_gmt":"2026-04-21T20:38:03","slug":"skalicky-rubin","status":"publish","type":"product","link":"https:\/\/vinovysokepole.sk\/?product=skalicky-rubin","title":{"rendered":"Skalick\u00fd rub\u00edn"},"content":{"rendered":"<ul>\n<li>Objem: 750ml<\/li>\n<li>N\u00e1zov v\u00edna: Skalick\u00fd rub\u00edn<\/li>\n<li>Odroda: Frankovka modr\u00e1, Svatovavrineck\u00e9, Modr\u00fd portugal<\/li>\n<li>Pr\u00edvlastok: zna\u010dkov\u00e9<\/li>\n<li>Charakteristika (zvy\u0161kov\u00fd cukor): such\u00e9<\/li>\n<li>Ro\u010dn\u00edk: bez ro\u010dn\u00edku<\/li>\n<li>Vinohradn\u00edcka oblas\u0165, raj\u00f3n, obec: Malokarpatsk\u00e1, Skalick\u00fd, Skalica<\/li>\n<li>Hon: Vysok\u00e9 Pole<\/li>\n<li>Cukornatos\u0165 pri zbere: 19-27\u00b0NM<\/li>\n<li>Obsah alkoholu:13,9%<\/li>\n<li>Obsah kysel\u00edn:5,7 g\/l<\/li>\n<li>Obsah zvy\u0161kov\u00e9ho cukru: 3,5 g\/l<\/li>\n<li>Teplota skladovania: 12-17&nbsp;\u00b0C<\/li>\n<li>Teplota pod\u00e1vania: 16-18\u00b0C<\/li>\n<li>Zrec\u00ed potenci\u00e1l: 5 rokov<\/li>\n<li>Limitovan\u00fd po\u010det flia\u0161: 5000<\/li>\n<\/ul>\n<p>&nbsp;<\/p>\n","protected":false},"excerpt":{"rendered":"<p>Skalick\u00fd rub\u00edn je najstar\u0161ie a&nbsp;z\u00e1rove\u0148 prv\u00e9 v\u00edno, ktor\u00e9 bolo vyroben\u00e9 v&nbsp;na\u0161om regi\u00f3ne. Pod\u013ea dostupn\u00fdch z\u00e1znamov bolo to pr\u00e1ve v&nbsp;lokalite Vysok\u00e9 pole, kde sme hrd\u00fdmi majite\u013emi jedn\u00e9ho z&nbsp;najstar\u0161\u00edch vinohradov a&nbsp;pr\u00e1ve z&nbsp;tejto polohy poch\u00e1dza toto v\u00edno. N\u00e1\u0161 Skalick\u00fd rub\u00edn je vyroben\u00fd kup\u00e1\u017eou troch po&nbsp;sebe nasleduj\u00facich ro\u010dn\u00edkov.<br \/>\nFarba, v\u00f4\u0148a, chu\u0165: Rub\u00ednovo \u010derven\u00e1 farba, vyv\u00e1\u017een\u00e1 v\u00f4\u0148a komp\u00f3tov\u00fdch \u010dere\u0161n\u00ed podporen\u00e1 pikantnos\u0165ou \u010derven\u00e9ho korenia. Chu\u0165 je unik\u00e1tna pre svoju kombin\u00e1ciu korenia, minerality, ovocia a\u00a0dreva, ktor\u00e9 sa navz\u00e1jom vyva\u017euj\u00fa do pr\u00edjemnej harm\u00f3nie. \u0160trukt\u00fara je skorej stredne pln\u00e1 \u010do&nbsp;napom\u00e1ha dobrej a&nbsp;\u013eahkej pitelnosti.<\/p>\n","protected":false},"featured_media":1401,"comment_status":"open","ping_status":"closed","template":"","meta":{"_et_pb_use_builder":"","_et_pb_old_content":"","_et_gb_content_width":""},"product_brand":[],"product_cat":[33],"product_tag":[],"class_list":{"0":"post-122","1":"product","2":"type-product","3":"status-publish","4":"has-post-thumbnail","6":"product_cat-cervene-vina","8":"first","9":"instock","10":"taxable","11":"shipping-taxable","12":"purchasable","13":"product-type-simple"},"_links":{"self":[{"href":"https:\/\/vinovysokepole.sk\/index.php?rest_route=\/wp\/v2\/product\/122","targetHints":{"allow":["GET"]}}],"collection":[{"href":"https:\/\/vinovysokepole.sk\/index.php?rest_route=\/wp\/v2\/product"}],"about":[{"href":"https:\/\/vinovysokepole.sk\/index.php?rest_route=\/wp\/v2\/types\/product"}],"replies":[{"embeddable":true,"href":"https:\/\/vinovysokepole.sk\/index.php?rest_route=%2Fwp%2Fv2%2Fcomments&post=122"}],"wp:featuredmedia":[{"embeddable":true,"href":"https:\/\/vinovysokepole.sk\/index.php?rest_route=\/wp\/v2\/media\/1401"}],"wp:attachment":[{"href":"https:\/\/vinovysokepole.sk\/index.php?rest_route=%2Fwp%2Fv2%2Fmedia&parent=122"}],"wp:term":[{"taxonomy":"product_brand","embeddable":true,"href":"https:\/\/vinovysokepole.sk\/index.php?rest_route=%2Fwp%2Fv2%2Fproduct_brand&post=122"},{"taxonomy":"product_cat","embeddable":true,"href":"https:\/\/vinovysokepole.sk\/index.php?rest_route=%2Fwp%2Fv2%2Fproduct_cat&post=122"},{"taxonomy":"product_tag","embeddable":true,"href":"https:\/\/vinovysokepole.sk\/index.php?rest_route=%2Fwp%2Fv2%2Fproduct_tag&post=122"}],"curies":[{"name":"wp","href":"https:\/\/api.w.org\/{rel}","templated":true}]}}