{"id":552,"date":"2020-10-28T20:47:42","date_gmt":"2020-10-28T19:47:42","guid":{"rendered":"https:\/\/vinovysokepole.sk?post_type=product&#038;p=552"},"modified":"2026-04-29T16:46:43","modified_gmt":"2026-04-29T14:46:43","slug":"veltlinske-zelene-2020","status":"publish","type":"product","link":"https:\/\/vinovysokepole.sk\/?product=veltlinske-zelene-2020","title":{"rendered":"Veltl\u00ednske zelen\u00e9"},"content":{"rendered":"<ul>\n<li>Objem: 750ml<\/li>\n<li>Odroda: Veltl\u00ednske zelen\u00e9<\/li>\n<li>Charakteristika (zvy\u0161kov\u00fd cukor): such\u00e9<\/li>\n<li>Ro\u010dn\u00edk: 2025<\/li>\n<li>Vinohradn\u00edcka oblas\u0165, raj\u00f3n, obec: Malokarpatsk\u00e1, Skalick\u00fd, Skalica<\/li>\n<li>Hon: Vysok\u00e9 Pole<\/li>\n<li>Cukornatos\u0165 pri zbere: 21\u00b0NM<\/li>\n<li>Obsah alkoholu:12,5&nbsp;%<\/li>\n<li>Obsah kysel\u00edn: 5,8 g\/l<\/li>\n<li>Obsah zvy\u0161kov\u00e9ho cukru: 0,5 g\/l<\/li>\n<li>Teplota skladovania: 15&nbsp;\u00b0C<\/li>\n<li>Teplota pod\u00e1vania: 10-12\u00b0C<\/li>\n<li>Zrec\u00ed potenci\u00e1l: 4 roky<\/li>\n<li>Limitovan\u00fd po\u010det flia\u0161: 1000<\/li>\n<\/ul>\n<p><span style=\"font-family: Times New Roman, serif;\"><span style=\"font-size: medium;\">\u00a0<\/span><\/span><\/p>\n","protected":false},"excerpt":{"rendered":"<p style=\"text-align: justify;\">Farba, v\u00f4\u0148a, chu\u0165: S\u00fdto zelenkavo-\u017elt\u00e1 farba, pr\u00edjemn\u00e1 bohat\u00e1 v\u00f4\u0148a vanilky, lieskov\u00fdch orie\u0161kov s&nbsp;herb\u00e1lnym t\u00f3nom su\u0161en\u00fdch byliniek. Stredne pln\u00e1 korenisto herb\u00e1lna chu\u0165, komplexn\u00e9, harmonick\u00e9 s&nbsp;dlhou dochu\u0165ou. Hrozno je dopestovan\u00e9 v&nbsp;na\u0161ej mladej vinici v&nbsp;spodnej \u010dasti svahu zadadenej v&nbsp;roku 2008. Sadenice poch\u00e1dzaj\u00fa z&nbsp;Rak\u00faska a&nbsp;je ich celkom 600 kusov.<\/p>\n","protected":false},"featured_media":1439,"comment_status":"open","ping_status":"closed","template":"","meta":{"_et_pb_use_builder":"","_et_pb_old_content":"","_et_gb_content_width":""},"product_brand":[],"product_cat":[17],"product_tag":[],"class_list":{"0":"post-552","1":"product","2":"type-product","3":"status-publish","4":"has-post-thumbnail","6":"product_cat-biele-vina","8":"first","9":"instock","10":"taxable","11":"shipping-taxable","12":"purchasable","13":"product-type-simple"},"_links":{"self":[{"href":"https:\/\/vinovysokepole.sk\/index.php?rest_route=\/wp\/v2\/product\/552","targetHints":{"allow":["GET"]}}],"collection":[{"href":"https:\/\/vinovysokepole.sk\/index.php?rest_route=\/wp\/v2\/product"}],"about":[{"href":"https:\/\/vinovysokepole.sk\/index.php?rest_route=\/wp\/v2\/types\/product"}],"replies":[{"embeddable":true,"href":"https:\/\/vinovysokepole.sk\/index.php?rest_route=%2Fwp%2Fv2%2Fcomments&post=552"}],"wp:featuredmedia":[{"embeddable":true,"href":"https:\/\/vinovysokepole.sk\/index.php?rest_route=\/wp\/v2\/media\/1439"}],"wp:attachment":[{"href":"https:\/\/vinovysokepole.sk\/index.php?rest_route=%2Fwp%2Fv2%2Fmedia&parent=552"}],"wp:term":[{"taxonomy":"product_brand","embeddable":true,"href":"https:\/\/vinovysokepole.sk\/index.php?rest_route=%2Fwp%2Fv2%2Fproduct_brand&post=552"},{"taxonomy":"product_cat","embeddable":true,"href":"https:\/\/vinovysokepole.sk\/index.php?rest_route=%2Fwp%2Fv2%2Fproduct_cat&post=552"},{"taxonomy":"product_tag","embeddable":true,"href":"https:\/\/vinovysokepole.sk\/index.php?rest_route=%2Fwp%2Fv2%2Fproduct_tag&post=552"}],"curies":[{"name":"wp","href":"https:\/\/api.w.org\/{rel}","templated":true}]}}